8
Evaluate 0 - (-14 - (1 - 4)).
11
Calculate -1 + (-10 + 5 - -4) - 7.
-9
What is the value of -4 - (-8 - (-35 - (10 - (15 + -4))))?
-30
What is the value of -21 + -37 + 38 + 6?
-14
-1 + 33 + (11 + -12 - 9)
22
Calculate 17 + (-17 - 6 - -13).
7
Calculate (-8 + -7 - -24) + 7 + -1.
15
(2 - -6 - -3) + (-2 - 4) + 1
6
(0 - -11) + -139 + 139
11
-9 + (-7 - ((-5 - 3) + 1)) - 3
-12
What is the value of (0 - 6) + 2 + -13 + 7?
-10
(-7 - (-3 - (3 - -11))) + -23
-13
(-16 - -27) + (-56 - -31)
-14
3 - 1 - (-3 - -13 - -3)
-11
5 + (-7 + 13 - 7) - (10 - 0)
-6
What is -2 - (13 - -1 - (18 + 0 + -11))?
-9
What is 16 + 3 + -18 - -1?
2
What is the value of 9 - (-1 + (-7 - (2 + 6)))?
25
(8 - (-11 + 10) - -8) + 1
18
Calculate (-3 + 8 - 7) + -10 + 9.
-3
What is (4 - (-46 + 37)) + (3 - 2)?
14
What is the value of 19 - ((-71 - -77) + -1 + 41)?
-27
What is (19 - 7) + -15 + 23?
20
Calculate (-1 - 3) + 3 + -34 + 37.
2
What is 6 - 0 - (-27 + -2 + 19)?
16
-8 + 20 + 5 + -9
8
What is the value of -2 + -29 - (-4 - 3)?
-24
What is the value of 21 + -2 + -30 - 5?
-16
-1 + -6 + -6 + 23 - 7
3
What is the value of 3 + -12 + (46 - 56)?
-19
Calculate 18 + -4 - (2 - -4) - (14 + -24).
18
Evaluate -23 + (10 - (-10 + -16)).
13
Evaluate (2 - -10) + 6 + -21.
-3
Calculate 0 - (-21 + 27 - -13).
-19
Evaluate (44 - 44 - (-2 + 0)) + 0.
2
What is 44 - 17 - (28 - -2)?
-3
Calculate -18 + 0 - -9 - -24 - 5.
10
What is -25 - (4 + -13 + 1 - (-47 - -37))?
-27
Calculate (-19 - 0 - -32) + -8.
5
(20 - -5 - 16) + -26
-17
Calculate (2 - 15) + (-20 + 11 - -17).
-5
Calculate 8 + 4 + -15 + 7.
4
What is 22 + -34 + (-8 - -35)?
15
Calculate 8 + 20 + -19 - 17.
-8
Calculate (-6 - (-14 - -5 - -4)) + (-5 - -23).
17
-37 - -30 - (-6 - 12)
11
What is the value of -27 + (-19 - -44) + -6 - 24?
-32
What is the value of 15 + -29 + 23 + -25?
-16
(0 - (-1 + 1)) + (4 + -1 - -12)
15
-16 + -2 + 171 + -168
-15
What is 12 + -3 + 0 + -36 + 38?
11
What is the value of 1 + 2 + 247 + -257?
-7
-18 - (-24 + 4 - 6)
8
Evaluate 60 - ((-9 - 10) + 52).
27
What is -22 + -11 + (24 - -3) + (-1 - 4)?
-11
What is -4 + (4 - 6) - (28 - 30)?
-4
Evaluate 4 - ((-3 - 2) + 7 + -1 + 6).
-3
What is 9 - -11 - 22 - -19?
17
What is -12 + (41 - (24 - 6))?
11
Evaluate 16 - -1 - (1 - -35).
-19
What is the value of (33 - 49) + 10 + 0?
-6
Evaluate 0 + 11 + -9 + (3 - 2).
3
What is -4 + 16 - (-132 + 149)?
-5
-8 + 0 + 3 + -28 + 10
-23
Calculate -6 - (8 + -2 + -1 - (-10 + 16)).
-5
Evaluate -20 - (-16 - (21 - 34)).
-17
What is 16 - (87 + -61) - (-1 + -1 + -11)?
3
Calculate 15 - (-402 - -392 - (1 - 1 - 3)).
22
6 - ((-4 - -13) + (-1 - 0) + 8)
-10
-406 + 418 + (1 - 26)
-13
(9 - -7) + -4 + -3
9
2 + (-7 - (-8 + -6)) - 6
3
Calculate -31 + 14 + 2 - -5.
-10
38 + -35 - (-8 - -5 - 1)
7
What is the value of 3 + -2 - 13 - (-1 + 1)?
-12
Calculate 2 + -2 + 1 + 24 + -24 + -7.
-6
What is the value of 7 + 2 + (129 - 143)?
-5
Calculate -12 + 15 + -6 + -3 + -8 + 5.
-9
What is -4 + (21 - 40) - (4 - 8)?
-19
What is the value of 0 - 18 - (23 + -60 + 33)?
-14
What is the value of (3 - (-1 - (-1 - -1))) + (-25872 - -25870)?
2
Calculate (53 - 49) + -30 + 3 + 0.
-23
Evaluate (18 - (31 + -22 + 19)) + -3 + 10.
-3
Evaluate -10 - (3 + -3) - -5 - -6.
1
-3 + 11 + -1 + 19 + -43 + 13
-4
Evaluate -44 + 53 - (4 - -1 - (-14 + 30)).
20
Calculate (-11 - 4) + (-11 - -33 - 5).
2
Evaluate (1 - 0) + (19 - 38) + 35.
17
-18 - (-20 - -8) - (-2 - -1 - -6)
-11
Calculate 2 + -15 + 39 + 6.
32
What is the value of 17 + 0 - (-7 + (24 - 16) + -8)?
24
4 - (-21 - (-21 + 12 + -5))
11
What is -3 + 13 - (-69 + 67)?
12
Calculate 0 + -5 - (8 + 0 + 8 + -9).
-12
Evaluate -2 - (7 + -3 + -1 + -10).
5
Calculate 8 - (-5 + -1 + (13 - (-8 - -6))).
-1
Evaluate (4 - 2 - 13) + (7 - -2).
-2
Calculate 17 - (35 - 16) - (-1 + 0).
-1
Calculate (-24 + 3 - 4) + (1 + 6 - -1).
-17
-6 - (23 - -1 - 30)
0
13 + 31 + -10 + -11
23
Evaluate (-5 - -3 - -19) + -8 + -1.
8
3 + (4 - (3 - -3)) + 1 + 0
2
19 + 26 + -69 - 12
-36
What is the value of -2 + -1 + -18 + 18?
-3
What is the value of -15 + -4 + 51 + -6?
26
What is the value of 9 + -30 - 6 - -13?
-14
What is the value of -18 + -6 + 10 - -5?
-9
Evaluate 10 + -5 + (6 - -1) + 28 + -37.
3
-25 + -4 + 50 + -29
-8
Evaluate -4 - ((3 - 1) + 4 - (-67 + 71)).
-6
-3 - (-61 + 66 + -3 + 0)
-5
Calculate -15 + -1 - (-3 + -17 + -2 - -17).
-11
What is 28 - ((-2 - -18) + -8) - 7 - 8?
5
What is 12 + (-3 - 10 - -2)?
1
Calculate (29 + -11 - 10) + -14.
-6
What is the value of (-34 - (-25 + 5)) + (28 - 0)?
14
13 + 17 + (-50 - 2 - -15)
-7
Calculate 97 + -105 + (13 - (4 - 4)).
5
What is 32 + (10 - 4 - 12 - 5)?
21
What is the value of -9 + (9 - -1 - 19)?
-18
What is (-3 - (15 + -10) - 10) + (3 - 2)?
-17
5 + (-8 + 5 - (-7 + 2) - -4)
11
Evaluate -2 - (-15 - (8 - (-13 - -15))).
19
What is (-7 - (48 + -43)) + (2 - 7)?
-17
Evaluate 9 - ((-4 - -2) + -3 - 18).
32
11 + -7 + 4 - (-7 - -36)
-21
What is 52 - 48 - (-14 - (-2 - 1))?
15
What is 0 - (4 - 1) - (5 - 9)?
1
Evaluate (2 - 2) + (21 - (-6 - -22 - 23)).
28
What is the value of 2 + (8 - (7 + -1 - -1 - 1))?
4
What is the value of 51 - 0 - (1297 - 1273)?
27
What is -6 + (-4 - -2) + 0 + 4 - 1?
-5
(114 - 117) + (-3 - -3 - -24) + 0
21
Calculate (3 - ((0 - -12) + -15)) + 4.
10
-6 + (-3 - -4) + 2 + 2
-1
What is the value of (1 + 17 - (9 + 29)) + 2?
-18
Calculate (47 - 9 - (-42 + 33)) + -18.
29
Calculate (-41 - -37) + (1 - -1 - 5).
-7
1 + 12 - (28 + -16)
1
-6 - ((2 - -1 - 0) + 25 + -28)
-6
1 - (9 + -6 + 33)
-35
What is the value of -24 - (-13 - (3 - 2))?
-10
What is 31 + -34 + 5 + -35?
-33
2 - -10 - 18 - (1 - 13)
6
What is (3 - 11) + 4 + 11?
7
What is the value of 16 - (-18 + -2 + (9 - 1))?
28
-9 - 6 - (6 + -5)
-16
Evaluate -142 - -140 - (5 + (0 - -3)).
-10
Calculate -2 + -9 - 1 - 3.
-15
Calculate 8 - (10 + -9 + 15).
-8
Evaluate (91 - (-35 + 99)) + (0 + 1 - 7).
21
Evaluate (-32 - -4 - -19) + 21 + 0.
12
Calculate (9 - 19) + 21 + 32 + -18.
25
What is the value of 5 - (11 - (-12 + 16))?
-2
Evaluate -12 - (-26 + 14) - (-1 + 0).
1
Evaluate 3 - -1 - (11 + -30 + (13 - -3)).
7
Evaluate -157 - -152 - ((1 - 4) + 1).
-3
What is 0 - (-49 - -32 - -7 - (1 + -43))?
-32
Evaluate 4 + -9 - -5 - (55 + -66).
11
Calculate 4 - (3 + 4) - (-1 - -2 - 7).
3
-26 - (-32 + -8 - -15)
-1
What is 0 + -32 + 26 + 12 + -2?
4
What is 20 - (10 + -28 + 47)?
-9
What is the value of 27 + 2 - 15 - -2?
16
Evaluate -1 - -6 - (3 - 2 - (44 + -39)).
9
Calculate -27 + 20 + -27 - -29.
-5
What is the value of 0 + -1 + 1 + (-17 - (15 - 22))?
-10
38 - 41 - ((1 - 1 - 3) + -4)
4
Evaluate -11 - (-18 - -14) - (7 + -1 - 0).
-13
Evaluate 1111 + -1098 - (0 + -9).
22
What is 15 - -1 - (11 + -7) - 0?
12
What is the value of 4 + (1 - 1) - (10 - 10)?
4
Evaluate -31 - (-16 - -32 - 39).
-8
What is -21 - (-49 - (-5 + -9))?
14
Calculate -17 + 12 + -26 + 18.
-13
Calculate 0 - 1 - (-154 + 149) - -3.
7
What is the value of 18 - ((20 - 30) + 47)?
-19
Calculate -18 + (1 - 6) + 11.
-12
7 + -9 + 2 + -3
-3
Calculate 1 + (-1 - (1 - 3)) + -8.
-6
(-14 - 5) + 18 + -7 - 11
-19
What is the value of 4 - (0 - -2 - 5) - (-15 + 15)?
7
What is -3 + -6 + (-12 - (10 + -21))?
-10
Evaluate -20 + 54 + -47 + -14.
-27
What is (5 - 0) + 61 + -50 - 11?
5
What is the value of (-26 - -16) + 21 + -6?
5
(-71 - -15) + 16 - -20
-20
Calculate 16 + (14 + 1 - 41).
-10
What is the value of 15 + (-4 - 10) - (0 + 16 + -5)?
-10
What is the value of (1 - 12) + -3 + -3 + 5 + 1?
-11
What is the value of -5 + (3 - 12 - -14) + -11?
-11
Evaluate (-119 - -120) + -13 + 1 - -9.
-2
What is 23 + -7 - 20 - (9 - 0)?
-13
Evaluate (13 - -8) + 15 + -5 - 0.
31
What is the value of 35 + -9 + (-57 - -9)?
-22
Evaluate -40 - -33 - (-5 - 13).
11
(-1 - (-4 + -7 - -5)) + -5
0
34 - (37 - 2) - (1 + 11)
-13
Calculate (30 - (25 + -9)) + -16.
-2
What is (-1 - (1 - (-4 + -11))) + 10?
-7
Calculate -6 + -1 + -15 + 16.
-6
-1 + -10 + 46 + (-17 - -13)
31
-3 + 11 + -1 + -11
-4
Calculate -27 + 25 + (-1 - (3 + -6)) + -8.
-8
What is 4 + 13 + -17 - -10?
10
Calculate (-123 - -119) + (-1 - -19) + -2 + 2.
14
Calculate -5 + 11 + -6 + 0 + 1.
1
What is the value of 13 + (-30 - -21) - 25?
-21
Evaluate (-9 - -1) + -6 - -6.
-8
Calculate 1 + 1 + 2 - (34 - 13 - -2).
-19
Evaluate 77 - 69 - (3 - 1 - (-10 - -9)).
5
Evaluate (-5 - (-14 + 8)) + -5.
-4
Calculate 6 - (4 - 4) - 9 - (-11 + 3).
5
-22 - (-5 - 6) - -23
12
Calculate 1 - -8 - (-11 - -20 - (17 + -